Suppose -6*h = -8*h - 120. Calculate the remainder when (126/(-15))/(8/h) is divided by 16.
15
Calculate the remainder when 4/2*(-58)/(-4) is divided by 6*(2/(-4) + 3).
14
Suppose 28 = 3*f - 2. Suppose -5*g + 5*h = -90, g + 0*h + 5*h = 18. Calculate the remainder when g is divided by (-28)/(-3) - f/(-15).
8
Let h(m) = m + 15. Let j(l) = l**3 + 6*l**2 - 9*l - 8. Let y be j(-7). Suppose -y*p + 135 = -p. Calculate the remainder when p is divided by h(0).
12
What is the remainder when (-6)/12*(-2 + 0) is divided by 1?
0
Suppose -55 = -7*b + 57. Calculate the remainder when 43 is divided by b.
11
Suppose -q = q. Let n = q - -16. Calculate the remainder when (-6)/2 - (-66)/2 is divided by n.
14
Let j = 9 + -7. Suppose -4*v + 27 = -v - 3*d, j*d - 2 = -3*v. Calculate the remainder when 10 is divided by v.
2
Suppose -6*q - 18 + 150 = 0. Calculate the remainder when 83 is divided by q.
17
Suppose 0 = -5*f + 31 + 4. Let b(k) be the third derivative of -k**5/60 + k**4/4 - k**3/3 - 2*k**2. Calculate the remainder when f is divided by b(5).
1
Let n(g) = 25*g**2 - g. Let b be n(1). Suppose y = 2 + b. What is the remainder when y is divided by 14?
12
Let w be 0 + (1 - 6/2). Calculate the remainder when w/(-4)*(-68)/(-2) is divided by (0 + (-4)/(-10))*15.
5
Suppose 0 = 4*i - 57 - 75. What is the remainder when i is divided by 18?
15
Suppose 0 = -2*q, -2 = -u - q + 3*q. Let m(t) = -t**3 - 7*t**2 + t + 9. Calculate the remainder when m(-7) is divided by u.
0
Let w(i) = -i**3 + 7*i**2 + 5*i + 2. Suppose 0 = 2*c - c - 10. Calculate the remainder when w(7) is divided by c.
7
What is the remainder when 44 is divided by -3 + 1*(3 - -16)?
12
Suppose 2*g = 3*z + 8, 2*z + 2 = 2*g - 8. Let p = 152 + -57. Suppose -2*t + 95 = 5*c, 3*t - p = -5*c - t. What is the remainder when c is divided by g?
5
Let z be 2/(-7) + (-26)/7. What is the remainder when 34 is divided by 1 + 2/(z/(-22))?
10
Suppose -4*h - h = 5, -h = -5*q + 46. Suppose -3*b - o = -19, -2*o + 28 = -0*b + 4*b. What is the remainder when q is divided by b?
4
Suppose -5*y + 4*x + 41 + 4 = 0, 5*x + 20 = -y. Suppose -5*s + 30 = 5*p, 0*p - y*s = -p. What is the remainder when 14 is divided by p?
4
Let m(h) = h**2 - 5*h + 6. Let i(j) = -2*j - 3. Let q be i(-4). Let f(y) = y**3 + 6*y**2 + 5*y + 11. Calculate the remainder when f(-5) is divided by m(q).
5
Suppose 14 = 4*g + l - 22, g + 2*l = 9. Let b = 59 - g. Suppose -j = 5*v - 211 + b, -5*v + 2*j = -158. Calculate the remainder when v is divided by 11.
10
Let p(o) = -7*o - 4 - o**2 - 2*o - 6. Let g be p(-8). What is the remainder when 7/(30/14 + g) is divided by 17?
15
Suppose z - 6 = -3*i + 5*i, 2*i - 74 = -4*z. Suppose 3*q = -31 + 172. What is the remainder when q is divided by z?
15
Let x(a) = -2*a - 1. Let b be (-1 - (-1)/2)*2. Let k be x(b). Suppose -6 = -q + k. Calculate the remainder when q is divided by 3.
1
Let f(k) = 4*k - 27. Calculate the remainder when 24 is divided by f(8).
4
Calculate the remainder when 0 + 1 - 7/14*-6 is divided by 2.
0
Suppose 2*w + 6 = 2*g, -g + 4*w = -0*g + 12. Let x = g + 6. What is the remainder when 40 is divided by x?
12
Let h be 9/(-6) + 7/2. Suppose 0 = -h*d - 3*d + 35. What is the remainder when d is divided by 5?
2
Let k(o) = -3*o - 13. Calculate the remainder when 57 is divided by k(-14).
28
Let s = -79 + 124. Suppose 4*d - s = 5*q, -11 = -d + q - 0*q. Calculate the remainder when 28 is divided by d.
8
Suppose -l = -4*z - 33, 5*l + 2*z = 28 + 203. What is the remainder when l is divided by 24?
21
Let l = 41 - -2. Let q(n) = -n**2 + 15*n + 22. Calculate the remainder when l is divided by q(15).
21
Suppose 0 = -2*g + 5*g - 4*d - 149, -2*d + 104 = 2*g. Suppose -4*p + 3 + 29 = 0. Calculate the remainder when g is divided by 345/27 - p/(-36).
12
Suppose 3*o = a + 3*a + 29, -3*o + 25 = -5*a. Let r(j) = 5*j**2 + j - 88. What is the remainder when r(5) is divided by o?
12
Suppose -5*u + 36 = 3*c, -46 = -5*u - 4*c - 13. Let o be 4/10*(-130 - -5). Let m = o - -75. Calculate the remainder when m is divided by u.
7
Suppose x - 3*b - b + 12 = 0, 3*b - 9 = -4*x. Let w(d) = d**2 + d + 4. Let z(a) = -a**2 + 8*a - 1. What is the remainder when z(7) is divided by w(x)?
2
What is the remainder when 0 - -4 - (-40 + 17) is divided by 10?
7
Suppose 2*v - 8 = -3*j, -2*j - v - 6 = -3*j. Suppose j*o - 28 = 2*o. Calculate the remainder when 55 is divided by o.
13
Suppose 0 = -4*s + 12 + 8. Suppose 107 = -s*f + 2. Let x = f + 34. Calculate the remainder when x is divided by 4.
1
Suppose -4*o + 13*o = 1062. What is the remainder when o is divided by 20?
18
Let m = -68 + 97. Let o = -7 + m. What is the remainder when o is divided by 8?
6
Let s = -342 + 501. Suppose 5*b - 4*b = 4*t - s, -t - 3*b + 56 = 0. Let d = -1 + 15. What is the remainder when t is divided by d?
13
Let p be 27*(-3)/6*-2. Suppose -p = m - 4*m. What is the remainder when (1 - 3)*1 - -19 is divided by m?
8
Suppose -2*i + 2 = -4. Calculate the remainder when 3 is divided by i.
0
Let f = -20 + 63. Calculate the remainder when f is divided by 9.
7
Let n(i) = 2*i - 11. Let v(b) = 4*b**3 - 2*b**2 - b - 1. Let j be v(2). Let u = j + -13. Calculate the remainder when u is divided by n(8).
3
Suppose 4*x - 2 = 2, 0 = o + 5*x - 20. Calculate the remainder when o is divided by 6.
3
Let q(u) = -7*u**3 + u. Let c be q(1). Let m = 11 + c. Calculate the remainder when 22 is divided by m.
2
Suppose 0 = y - 4*z - 6, y + z - 1 = -0. Let g(w) = -3*w + 4*w - 1 + 6*w**y + 5*w**2. Calculate the remainder when 20 is divided by g(1).
9
Let n = -4 + 8. Suppose 3*r - 44 = -a - n*a, -2*r - 3*a + 31 = 0. Calculate the remainder when r is divided by 8.
7
Suppose -3*y + 66 - 18 = 0. Suppose b = 6 + y. Calculate the remainder when b is divided by 12.
10
Let x = 3 - 3. Suppose -2*h + 50 = -0*h. Calculate the remainder when h is divided by (4 - x)*(-18)/(-8).
7
Let k = -178 - -192. What is the remainder when 265 is divided by k?
13
Let l(m) = -m**2 + 10*m + 7. Let q be 22/3 + (-10)/(-15). What is the remainder when l(q) is divided by 8?
7
Let l(v) = -v - 3. Let m be l(5). Let a(d) = -7*d + 2. Calculate the remainder when a(m) is divided by 20.
18
Suppose -3*u + 45 = 2*l, -4*l = u - 2*u - 69. What is the remainder when 69 is divided by l?
15
Let z be 24/(-2)*12/(-16). Suppose q + 2*q = z. Suppose t + 2*t + q*o = 9, 5*o + 3 = 4*t. Calculate the remainder when 3 is divided by t.
1
Let f be (0 + -1)*(-4)/4. What is the remainder when 58 is divided by -4 + f - (-184)/8?
18
Suppose 92 = 3*y - 163. Suppose -3*t + y = 2*t. What is the remainder when 65 is divided by t?
14
Let z(s) = -23*s**2 - s - 1. Let t be z(-2). Let i = -43 - t. Calculate the remainder when i is divided by 17.
14
Let k(b) = 4 + 3 - b + 0. Let z be k(5). Suppose r - 3 + 0 = z*s, -5*r - s = -26. Calculate the remainder when 8 is divided by r.
3
Let x = 2 + 0. Suppose 0 = -x*o + l + 148, -l - 79 = -o - 3*l. Suppose 6*v = v + o. What is the remainder when v is divided by 6?
3
Let g = 29 - 12. What is the remainder when 101 is divided by g?
16
Let h(i) = -i**3 - 5*i**2 + i + 8. Let z be (6/(-5))/(5/25). What is the remainder when h(z) is divided by 13?
12
What is the remainder when 83 is divided by (10/4 + -2)*58?
25
Suppose -l = 3*l + 20. Let u = l + 12. Calculate the remainder when 12 is divided by u.
5
Suppose -24 = -4*g + 3*x, -8*x = -4*x - 16. Suppose g = -3*k, 0*v = -2*v + k + 25. What is the remainder when 42 is divided by v?
9
Let n = -4 + 6. Suppose -3*y - n*y = -110. What is the remainder when y is divided by 12?
10
Let f(n) = -n**3 - 8*n**2 - n. Let b be f(-6). Let g = -34 - b. Calculate the remainder when g is divided by 11.
10
Let q be 2/(-6) - 4/6. Let l = q + 2. Calculate the remainder when 1 is divided by l.
0
Calculate the remainder when 34 is divided by (-5 + 3)/((-5)/25).
4
Suppose -5*a = -143 - 167. Suppose 7 = -5*f + 87. What is the remainder when a is divided by f?
14
Suppose 0 = 5*p + 79 - 114. What is the remainder when p is divided by 5?
2
Let c = 9 - 1. What is the remainder when 13 is divided by c?
5
Suppose -2*p + 5*z + 35 = 0, -4*p - 4*z = -6*z - 46. Let r(d) = -4*d**3. What is the remainder when 2/p + 203/35 is divided by r(-1)?
2
Let v be ((-40)/32)/(2/(-8)). Suppose -4*m - f + 64 = -v, 0 = 4*f - 4. Calculate the remainder 